{"id":24,"date":"2022-09-28T00:20:25","date_gmt":"2022-09-28T05:20:25","guid":{"rendered":"https:\/\/bleidhysaboya-asesora.com\/?page_id=24"},"modified":"2026-01-23T19:02:28","modified_gmt":"2026-01-24T00:02:28","slug":"salud-ideal","status":"publish","type":"page","link":"https:\/\/bleidhysaboya-asesora.com\/index.php\/salud-ideal\/","title":{"rendered":"Plan Salud Ideal"},"content":{"rendered":"\n<div class=\"wp-block-columns is-layout-flex wp-container-core-columns-is-layout-9d6595d7 wp-block-columns-is-layout-flex\">\n<div class=\"wp-block-column is-vertically-aligned-center is-layout-flow wp-block-column-is-layout-flow\">\n<h2 class=\"wp-block-heading has-vivid-cyan-blue-color has-text-color has-link-color wp-elements-cc3a993c688598826f2b631eb515fecf\" style=\"font-size:30px;font-style:normal;font-weight:700\">Beneficios<\/h2>\n\n\n\n<hr class=\"wp-block-separator has-alpha-channel-opacity\"\/>\n\n\n\n<ul class=\"wp-block-list\">\n<li>Tratamiento oncol\u00f3gico con medicamentos comerciales ambulatorios ilimitados<\/li>\n\n\n\n<li>Asistencia m\u00e9dica en el exterior<\/li>\n\n\n\n<li>Amplia Red de especialistas m\u00e9dicos con Tarifas Preferenciales<\/li>\n\n\n\n<li>Gastos Pre y Posthospitalarios<\/li>\n\n\n\n<li>Enfermedades cong\u00e9nitas<\/li>\n\n\n\n<li>Maternidad<\/li>\n\n\n\n<li>Consulta m\u00e9dica domiciliaria<\/li>\n\n\n\n<li>Emergencias odontol\u00f3gicas<\/li>\n\n\n\n<li>L\u00ednea m\u00e9dica 24 horas<\/li>\n\n\n\n<li>Cl\u00ednica Vip en Bogot\u00e1 (Bono de Urgencias sin costo)<\/li>\n\n\n\n<li>Directorio m\u00e9dico en la p\u00e1gina Web y App<\/li>\n<\/ul>\n<\/div>\n\n\n\n<div class=\"wp-block-column is-layout-flow wp-block-column-is-layout-flow\">\n<h2 class=\"wp-block-heading has-white-color has-text-color has-link-color wp-elements-0d6a0d3a359251558ce9c9e6e5c5ccbf\"><\/h2>\n\n\n\n<figure class=\"wp-block-image size-full\"><img fetchpriority=\"high\" decoding=\"async\" width=\"940\" height=\"693\" src=\"https:\/\/bleidhysaboya-asesora.com\/wp-content\/uploads\/2022\/10\/Poliza-HyC-Salud-Ideal.png\" alt=\"\" class=\"wp-image-880\" srcset=\"https:\/\/bleidhysaboya-asesora.com\/wp-content\/uploads\/2022\/10\/Poliza-HyC-Salud-Ideal.png 940w, https:\/\/bleidhysaboya-asesora.com\/wp-content\/uploads\/2022\/10\/Poliza-HyC-Salud-Ideal-300x221.png 300w, https:\/\/bleidhysaboya-asesora.com\/wp-content\/uploads\/2022\/10\/Poliza-HyC-Salud-Ideal-768x566.png 768w\" sizes=\"(max-width: 940px) 100vw, 940px\" \/><\/figure>\n<\/div>\n<\/div>\n\n\n\n<div class=\"wp-block-columns is-layout-flex wp-container-core-columns-is-layout-9d6595d7 wp-block-columns-is-layout-flex\">\n<div class=\"wp-block-column is-vertically-aligned-center is-layout-flow wp-block-column-is-layout-flow\"><div class=\"wp-block-image\">\n<figure class=\"aligncenter size-full\"><img decoding=\"async\" width=\"940\" height=\"722\" src=\"https:\/\/bleidhysaboya-asesora.com\/wp-content\/uploads\/2022\/10\/6-consultas-prenatales-3-ecografias.png\" alt=\"\" class=\"wp-image-881\" srcset=\"https:\/\/bleidhysaboya-asesora.com\/wp-content\/uploads\/2022\/10\/6-consultas-prenatales-3-ecografias.png 940w, https:\/\/bleidhysaboya-asesora.com\/wp-content\/uploads\/2022\/10\/6-consultas-prenatales-3-ecografias-300x230.png 300w, https:\/\/bleidhysaboya-asesora.com\/wp-content\/uploads\/2022\/10\/6-consultas-prenatales-3-ecografias-768x590.png 768w\" sizes=\"(max-width: 940px) 100vw, 940px\" \/><\/figure>\n<\/div><\/div>\n\n\n\n<div class=\"wp-block-column is-layout-flow wp-block-column-is-layout-flow\">\n<h2 class=\"wp-block-heading has-vivid-cyan-blue-color has-text-color has-link-color wp-elements-30f4d3c8fd020e804d1596416d59d1fe\">Condiciones<\/h2>\n\n\n\n<hr class=\"wp-block-separator has-alpha-channel-opacity\"\/>\n\n\n\n<ul class=\"wp-block-list\">\n<li>Se puede adquirir el M\u00f3ldulo principal o Mod\u00falo principal + Emerm\u00e9dica<\/li>\n\n\n\n<li>Edad m\u00e1xima de ingreso: 59 a\u00f1os<\/li>\n\n\n\n<li>Todos los usuarios deben estar afiliados a EPS del R\u00e9gimen contributivo o R\u00e9gimen Especial<\/li>\n\n\n\n<li>Servicios prestados a trav\u00e9s de Red Adscrita<\/li>\n\n\n\n<li>Para la prestaci\u00f3n del servicio, el usuario debe estar al d\u00eda con el pago de su cuota<\/li>\n\n\n\n<li>Validez de antiguedad de otros productos de salud: Medicina prepagada, P\u00f3lizas de Salud y Planes complementarios<\/li>\n<\/ul>\n\n\n\n<h2 class=\"wp-block-heading has-text-align-center has-vivid-cyan-blue-color has-text-color has-link-color wp-elements-c2bc1bcc28ba773c92495c88b8236327\">Amparo Opcional<\/h2>\n\n\n<div class=\"wp-block-image\">\n<figure class=\"aligncenter size-full\"><img decoding=\"async\" width=\"300\" height=\"83\" src=\"https:\/\/bleidhysaboya-asesora.com\/wp-content\/uploads\/2022\/10\/Logo-emermedica-1.png\" alt=\"\" class=\"wp-image-884\"\/><\/figure>\n<\/div>\n\n\n<div class=\"wp-block-buttons is-layout-flex wp-block-buttons-is-layout-flex\">\n<div class=\"wp-block-button has-custom-width wp-block-button__width-100\"><a class=\"wp-block-button__link has-white-color has-vivid-cyan-blue-to-vivid-purple-gradient-background has-text-color has-background has-link-color has-medium-font-size has-custom-font-size wp-element-button\" href=\"https:\/\/bleidhysaboya-asesora.com\/index.php\/emermedica\/integral\/\">VER SERVICIOS DE <strong>EMERM\u00c9DICA<\/strong><\/a><\/div>\n<\/div>\n<\/div>\n<\/div>\n\n\n\n<hr class=\"wp-block-separator has-alpha-channel-opacity\"\/>\n\n\n\n<div class=\"wp-block-columns is-layout-flex wp-container-core-columns-is-layout-9d6595d7 wp-block-columns-is-layout-flex\">\n<div class=\"wp-block-column is-layout-flow wp-block-column-is-layout-flow\" style=\"flex-basis:100%\">\n<h2 class=\"wp-block-heading has-text-align-center has-vivid-cyan-blue-color has-text-color has-link-color wp-elements-51b968f8061889b8efb0ba56aa84d059\">COBERTURAS Y PERIODOS DE CARENCIA DEL AMPARO B\u00c1SICO<\/h2>\n<\/div>\n<\/div>\n\n\n\n<hr class=\"wp-block-separator has-alpha-channel-opacity\"\/>\n\n\n\n<div class=\"wp-block-columns is-layout-flex wp-container-core-columns-is-layout-9d6595d7 wp-block-columns-is-layout-flex\">\n<div class=\"wp-block-column is-layout-flow wp-block-column-is-layout-flow\">\n<h2 class=\"wp-block-heading has-vivid-cyan-blue-color has-text-color has-link-color wp-elements-60b1bc0c0042333023d2c4748a8bc9ad\">A partir del 1\u00b0 d\u00eda de vigencia<\/h2>\n\n\n\n<ul class=\"wp-block-list\">\n<li>Urgencias por enfermedad o accidente<\/li>\n\n\n\n<li>Hospitalizaci\u00f3n o cirug\u00eda de urgencias o programada. Habitaci\u00f3n individual<\/li>\n\n\n\n<li>Cirug\u00eda ambulatoria<\/li>\n\n\n\n<li>Gastos pre y posthospitalarios: Ex\u00e1menes de laboratorio, ex\u00e1menes de diagn\u00f3stico simple y especializado. Hasta 2 SMMLV\/vigencia<\/li>\n\n\n\n<li>Medicamentos gen\u00e9ricos posthospitalarios por 30 d\u00edas<\/li>\n\n\n\n<li>Terapias o fisioterapias por prescripci\u00f3n m\u00e9dica despu\u00e9s de una hospitalizaci\u00f3n o cirugia en red autorizada<\/li>\n\n\n\n<li>Pr\u00f3tesis y material de osteos\u00edntesis hasta 20 SMMLV\/a\u00f1o\/asegurado<\/li>\n\n\n\n<li>Hospitalizaci\u00f3n psiqui\u00e1trica por crisis aguda de afecci\u00f3n nerviosa o mental, diagn\u00f3sticada durante la vigencia de la p\u00f3liza hasta por 50 d\u00edas\/vigencia anual\/asegurado<\/li>\n\n\n\n<li>Apoyo psicol\u00f3gico en caso de fallecimiento o enfermedad grave de un familiar\/ asegurado en la p\u00f3liza, por diagn\u00f3stico de enfermedad cong\u00e9nita o gen\u00e9tica que afecte alg\u00fan menor asegurado en la p\u00f3liza. 8 sesiones de terapia psicol\u00f3gica en 1 mes<\/li>\n\n\n\n<li>Acceso a Red M\u00e9dica de especialistas con Tarifa Preferencial, dependiendo de la especialidad consultada<\/li>\n\n\n\n<li>Emergencias odontol\u00f3gicas: Atenci\u00f3n paliativa (dolor), por trauma o enfermedad<\/li>\n<\/ul>\n\n\n\n<h3 class=\"wp-block-heading has-vivid-cyan-blue-color has-text-color has-link-color wp-elements-b448e6a1365bf1320b1bec214d8de507\">Maternidad<\/h3>\n\n\n\n<ul class=\"wp-block-list\">\n<li>6 consultas prenatales y 3 ecograf\u00edas simples<\/li>\n\n\n\n<li>Atenci\u00f3n del parto  y sus complicaciones<\/li>\n\n\n\n<li>Si es \u00fanica asegurada, se cubre el parto si el embarazo inici\u00f3 a partir del mes 12 de afiliaci\u00f3n<\/li>\n\n\n\n<li>Si est\u00e1 con otro asegurado, se cubre el parto si el embarazo inici\u00f3 a partir del d\u00eda 30 de afiliaci\u00f3n<\/li>\n\n\n\n<li>Cobertura del reci\u00e9n nacido los primeros 60 d\u00edas de vida<\/li>\n\n\n\n<li>Cobertura de enfermedades cong\u00e9nitas hasta 100 SMMLV. Valor \u00fanico asegurado durante el tiempo de permanencia en la p\u00f3liza<\/li>\n<\/ul>\n<\/div>\n\n\n\n<div class=\"wp-block-column is-layout-flow wp-block-column-is-layout-flow\">\n<h2 class=\"wp-block-heading has-vivid-cyan-blue-color has-text-color has-link-color wp-elements-a1a367fc1d1c30b265a6142f6eb834c0\">A partir del 1\u00b0 del mes 13<\/h2>\n\n\n\n<ul class=\"wp-block-list\">\n<li>Amigdalectom\u00eda<\/li>\n\n\n\n<li>Adenoidectom\u00eda<\/li>\n\n\n\n<li>Fimosis<\/li>\n\n\n\n<li>Miomas<\/li>\n\n\n\n<li>Quistes ov\u00e1ricos<\/li>\n\n\n\n<li>Hipertrofia prost\u00e1tica<\/li>\n\n\n\n<li>Prolapsos uterinos<\/li>\n\n\n\n<li>C\u00e1lculos renales<\/li>\n<\/ul>\n\n\n\n<h3 class=\"wp-block-heading has-vivid-cyan-blue-color has-text-color has-link-color wp-elements-0e00d9ebc2de81fecbab42b883776255\">Oncolog\u00eda<\/h3>\n\n\n\n<ul class=\"wp-block-list\">\n<li>Tratamiento m\u00e9dico y quir\u00fargico<\/li>\n\n\n\n<li>Quimioterapia hospitalaria y ambulatoria<\/li>\n\n\n\n<li>Medicamentos comerciales ambulatorios ilimitados<\/li>\n\n\n\n<li>Aplica para todas las patolog\u00edas relacionadas con la definici\u00f3n de Oncolog\u00eda: c\u00e1ncer, masas o tumores sean estos benignos o malignos<\/li>\n<\/ul>\n\n\n\n<h2 class=\"wp-block-heading has-vivid-cyan-blue-color has-text-color has-link-color wp-elements-6cd1ff855f4cd9dfb1b10d554559c47f\">A partir del 1\u00b0 d\u00eda del mes 25<\/h2>\n\n\n\n<ul class=\"wp-block-list\">\n<li>C\u00e1lculos biliares<\/li>\n\n\n\n<li>Cataratas<\/li>\n\n\n\n<li>Hernia discal, inguinal, umbilical y epig\u00e1strica<\/li>\n\n\n\n<li>Pterigios<\/li>\n\n\n\n<li>\u00dalcera g\u00e1strica o duodenal<\/li>\n\n\n\n<li>Hallux valgus<\/li>\n\n\n\n<li>Varices<\/li>\n<\/ul>\n\n\n\n<h3 class=\"wp-block-heading has-vivid-cyan-blue-color has-text-color has-link-color wp-elements-e6164ad7540bcbd7d4162e4ac8b4c35b\">VIH Sida<\/h3>\n\n\n\n<ul class=\"wp-block-list\">\n<li>Cobertura Hospitalaria y ambulatoria<\/li>\n\n\n\n<li>L\u00edmite valor asegurado 15 SMMLV\/a\u00f1o<\/li>\n\n\n\n<li>L\u00edmite valor asegurado vitalicio 105 SMMLV<\/li>\n<\/ul>\n\n\n\n<hr class=\"wp-block-separator has-alpha-channel-opacity\"\/>\n\n\n\n<h2 class=\"wp-block-heading has-vivid-cyan-blue-color has-text-color has-link-color wp-elements-efb2061cd4266add346a14a30c1f1a6b\">Asistencia M\u00e9dica en el Exterior<\/h2>\n\n\n\n<ul class=\"wp-block-list\">\n<li>Cobertura por 120 d\u00edas por viaje<\/li>\n\n\n\n<li>Hasta UDS 15.000 o 30.000 Euros pa\u00edses Schengen por evento<\/li>\n\n\n\n<li>Deducible USD 200<\/li>\n\n\n\n<li>No cubre preexistencias al viaje<\/li>\n<\/ul>\n<\/div>\n<\/div>\n\n\n\n<h3 class=\"wp-block-heading has-vivid-cyan-blue-color has-text-color has-link-color wp-elements-d86ebdcb6e54f7814fa4d08b1a478726\"><a href=\"https:\/\/bleidhysaboya-asesora.com\/wp-content\/uploads\/2025\/10\/clausulado-salud-ideal.pdf\" target=\"_blank\" rel=\"noopener\" title=\"\">CLAUSULADO<\/a><\/h3>\n\n\n\n<h3 class=\"wp-block-heading has-vivid-cyan-blue-color has-text-color has-link-color has-medium-font-size wp-elements-59921def631bcfa269641f5c20cf591f\" style=\"font-style:normal;font-weight:700\"><a href=\"https:\/\/bleidhysaboya-asesora.com\/wp-content\/uploads\/2026\/01\/Cartilla-Salud-Ideal-2026.pdf\" target=\"_blank\" rel=\"noopener\" title=\"\">GU\u00cdA UTILIZACI\u00d3N DE SERVICIOS<\/a><\/h3>\n\n\n\n<h3 class=\"wp-block-heading has-vivid-cyan-blue-color has-text-color has-link-color wp-elements-62cee120474dad00d5bc7222dd73de97\"><a href=\"https:\/\/www.axacolpatria.co\/es\/directorio-medico\" target=\"_blank\" rel=\"noreferrer noopener\">DIRECTORIO M\u00c9DICO<\/a><\/h3>\n\n\n\n<hr class=\"wp-block-separator has-alpha-channel-opacity\"\/>\n\n\n\n<h2 class=\"wp-block-heading has-text-align-center has-vivid-cyan-blue-color has-text-color has-link-color wp-elements-9d013ed19d21a902c320b33227c62ea1\">Formulario de Contacto<\/h2>\n\n\n\n<div class=\"wp-block-columns is-layout-flex wp-container-core-columns-is-layout-9d6595d7 wp-block-columns-is-layout-flex\">\n<div class=\"wp-block-column is-layout-flow wp-block-column-is-layout-flow\" style=\"flex-basis:25%\"><\/div>\n\n\n\n<div class=\"wp-block-column is-layout-flow wp-block-column-is-layout-flow\" style=\"flex-basis:50%\">\n<div class=\"wp-block-contact-form-7-contact-form-selector\">\n<div class=\"wpcf7 no-js\" id=\"wpcf7-f462-o1\" lang=\"es-ES\" dir=\"ltr\" data-wpcf7-id=\"462\">\n<div class=\"screen-reader-response\"><p role=\"status\" aria-live=\"polite\" aria-atomic=\"true\"><\/p> <ul><\/ul><\/div>\n<form action=\"\/index.php\/wp-json\/wp\/v2\/pages\/24#wpcf7-f462-o1\" method=\"post\" class=\"wpcf7-form init\" aria-label=\"Formulario de contacto\" novalidate=\"novalidate\" data-status=\"init\">\n<fieldset class=\"hidden-fields-container\"><input type=\"hidden\" name=\"_wpcf7\" value=\"462\" \/><input type=\"hidden\" name=\"_wpcf7_version\" value=\"6.1.1\" \/><input type=\"hidden\" name=\"_wpcf7_locale\" value=\"es_ES\" \/><input type=\"hidden\" name=\"_wpcf7_unit_tag\" value=\"wpcf7-f462-o1\" \/><input type=\"hidden\" name=\"_wpcf7_container_post\" value=\"0\" \/><input type=\"hidden\" name=\"_wpcf7_posted_data_hash\" value=\"\" \/>\n<\/fieldset>\n<p><label> Tu nombre*<br \/>\n<span class=\"wpcf7-form-control-wrap\" data-name=\"your-name\"><input size=\"40\" maxlength=\"400\" class=\"wpcf7-form-control wpcf7-text wpcf7-validates-as-required\" aria-required=\"true\" aria-invalid=\"false\" value=\"\" type=\"text\" name=\"your-name\" \/><\/span> <\/label>\n<\/p>\n<p><label> Tu celular*<br \/>\n<span class=\"wpcf7-form-control-wrap\" data-name=\"tel-729\"><input size=\"40\" maxlength=\"400\" class=\"wpcf7-form-control wpcf7-tel wpcf7-text wpcf7-validates-as-tel\" aria-invalid=\"false\" value=\"\" type=\"tel\" name=\"tel-729\" \/><\/span> <\/label>\n<\/p>\n<p><label> Tu correo electr\u00f3nico*<br \/>\n<span class=\"wpcf7-form-control-wrap\" data-name=\"your-email\"><input size=\"40\" maxlength=\"400\" class=\"wpcf7-form-control wpcf7-email wpcf7-validates-as-required wpcf7-text wpcf7-validates-as-email\" aria-required=\"true\" aria-invalid=\"false\" value=\"\" type=\"email\" name=\"your-email\" \/><\/span> <\/label>\n<\/p>\n<p><label> Tu mensaje<br \/>\n<span class=\"wpcf7-form-control-wrap\" data-name=\"your-message\"><textarea cols=\"40\" rows=\"10\" maxlength=\"2000\" class=\"wpcf7-form-control wpcf7-textarea\" aria-invalid=\"false\" name=\"your-message\"><\/textarea><\/span> <\/label>\n<\/p>\n<p><span class=\"wpcf7-form-control-wrap\" data-name=\"acceptance-821\"><span class=\"wpcf7-form-control wpcf7-acceptance\"><span class=\"wpcf7-list-item\"><label><input type=\"checkbox\" name=\"acceptance-821\" value=\"1\" aria-invalid=\"false\" \/><span class=\"wpcf7-list-item-label\">He le\u00eddo y acepto la <a href=\"#\">pol\u00edtica de privacidad<a\\><\/span><\/label><\/span><\/span><\/span><label><br \/>\n<input class=\"wpcf7-form-control wpcf7-submit has-spinner\" type=\"submit\" value=\"Enviar\" \/><\/label>\n<\/p><p style=\"display: none !important;\" class=\"akismet-fields-container\" data-prefix=\"_wpcf7_ak_\"><label>&#916;<textarea name=\"_wpcf7_ak_hp_textarea\" cols=\"45\" rows=\"8\" maxlength=\"100\"><\/textarea><\/label><input type=\"hidden\" id=\"ak_js_1\" name=\"_wpcf7_ak_js\" value=\"148\"\/><script>document.getElementById( \"ak_js_1\" ).setAttribute( \"value\", ( new Date() ).getTime() );<\/script><\/p><div class=\"wpcf7-response-output\" aria-hidden=\"true\"><\/div>\n<\/form>\n<\/div>\n<\/div>\n<\/div>\n\n\n\n<div class=\"wp-block-column is-layout-flow wp-block-column-is-layout-flow\" style=\"flex-basis:25%\"><\/div>\n<\/div>\n\n\n\n<hr class=\"wp-block-separator has-alpha-channel-opacity\"\/>\n","protected":false},"excerpt":{"rendered":"<p>Beneficios Condiciones Amparo Opcional COBERTURAS Y PERIODOS DE CARENCIA DEL AMPARO B\u00c1SICO A partir del 1\u00b0 d\u00eda de vigencia Maternidad A partir del 1\u00b0 del mes 13 Oncolog\u00eda A partir del 1\u00b0 d\u00eda del mes 25 VIH Sida Asistencia M\u00e9dica en el Exterior CLAUSULADO GU\u00cdA UTILIZACI\u00d3N DE SERVICIOS DIRECTORIO M\u00c9DICO Formulario de Contacto<\/p>\n","protected":false},"author":1,"featured_media":0,"parent":0,"menu_order":1,"comment_status":"closed","ping_status":"closed","template":"","meta":{"om_disable_all_campaigns":false,"footnotes":""},"class_list":["post-24","page","type-page","status-publish","hentry"],"aioseo_notices":[],"_links":{"self":[{"href":"https:\/\/bleidhysaboya-asesora.com\/index.php\/wp-json\/wp\/v2\/pages\/24","targetHints":{"allow":["GET"]}}],"collection":[{"href":"https:\/\/bleidhysaboya-asesora.com\/index.php\/wp-json\/wp\/v2\/pages"}],"about":[{"href":"https:\/\/bleidhysaboya-asesora.com\/index.php\/wp-json\/wp\/v2\/types\/page"}],"author":[{"embeddable":true,"href":"https:\/\/bleidhysaboya-asesora.com\/index.php\/wp-json\/wp\/v2\/users\/1"}],"replies":[{"embeddable":true,"href":"https:\/\/bleidhysaboya-asesora.com\/index.php\/wp-json\/wp\/v2\/comments?post=24"}],"version-history":[{"count":29,"href":"https:\/\/bleidhysaboya-asesora.com\/index.php\/wp-json\/wp\/v2\/pages\/24\/revisions"}],"predecessor-version":[{"id":1589,"href":"https:\/\/bleidhysaboya-asesora.com\/index.php\/wp-json\/wp\/v2\/pages\/24\/revisions\/1589"}],"wp:attachment":[{"href":"https:\/\/bleidhysaboya-asesora.com\/index.php\/wp-json\/wp\/v2\/media?parent=24"}],"curies":[{"name":"wp","href":"https:\/\/api.w.org\/{rel}","templated":true}]}}